 prime factors of 7138?
2, 43, 83
List the prime factors of 298.
2, 149
List the prime factors of 157574.
2, 78787
What are the prime factors of 1230?
2, 3, 5, 41
List the prime factors of 26784.
2, 3, 31
What are the prime factors of 9002?
2, 7, 643
What are the prime factors of 62934?
2, 3, 17, 617
List the prime factors of 302.
2, 151
What are the prime factors of 467?
467
List the prime factors of 5585.
5, 1117
What are the prime factors of 186?
2, 3, 31
What are the prime factors of 16474?
2, 8237
List the prime factors of 1947.
3, 11, 59
What are the prime factors of 5172?
2, 3, 431
What are the prime factors of 5205?
3, 5, 347
What are the prime factors of 44304?
2, 3, 13, 71
List the prime factors of 21123.
3, 2347
List the prime factors of 34219.
19, 1801
What are the prime factors of 489?
3, 163
What are the prime factors of 20739?
3, 31, 223
What are the prime factors of 853?
853
What are the prime factors of 3368?
2, 421
List the prime factors of 3665.
5, 733
What are the prime factors of 15867?
3, 41, 43
List the prime factors of 31051.
31051
List the prime factors of 629.
17, 37
List the prime factors of 46623.
3, 15541
What are the prime factors of 5268?
2, 3, 439
List the prime factors of 9694.
2, 37, 131
What are the prime factors of 707?
7, 101
What are the prime factors of 7267?
13, 43
What are the prime factors of 58389?
3, 19463
List the prime factors of 29844.
2, 3, 829
What are the prime factors of 47308?
2, 11827
What are the prime factors of 867?
3, 17
What are the prime factors of 1405?
5, 281
What are the prime factors of 2310?
2, 3, 5, 7, 11
List the prime factors of 163.
163
What are the prime factors of 6269?
6269
What are the prime factors of 158?
2, 79
List the prime factors of 1602.
2, 3, 89
List the prime factors of 13224.
2, 3, 19, 29
List the prime factors of 5642.
2, 7, 13, 31
List the prime factors of 4332.
2, 3, 19
List the prime factors of 4388.
2, 1097
What are the prime factors of 9346?
2, 4673
What are the prime factors of 22320?
2, 3, 5, 31
List the prime factors of 9006.
2, 3, 19, 79
What are the prime factors of 11726?
2, 11, 13, 41
List the prime factors of 12278.
2, 7, 877
What are the prime factors of 14621?
14621
List the prime factors of 5316.
2, 3, 443
List the prime factors of 22010.
2, 5, 31, 71
List the prime factors of 7348.
2, 11, 167
What are the prime factors of 5626?
2, 29, 97
What are the prime factors of 1526?
2, 7, 109
List the prime factors of 3497.
13, 269
List the prime factors of 164624.
2, 10289
What are the prime factors of 11296?
2, 353
What are the prime factors of 63014?
2, 7, 643
List the prime factors of 273.
3, 7, 13
List the prime factors of 87443.
87443
List the prime factors of 17084.
2, 4271
List the prime factors of 17116.
2, 11, 389
List the prime factors of 58463.
17, 19, 181
List the prime factors of 17138.
2, 11, 19, 41
What are the prime factors of 6566?
2, 7, 67
What are the prime factors of 15700?
2, 5, 157
What are the prime factors of 6239?
17, 367
List the prime factors of 27627.
3, 9209
What are the prime factors of 3354?
2, 3, 13, 43
What are the prime factors of 62561?
73, 857
List the prime factors of 13785.
3, 5, 919
What are the prime factors of 12095?
5, 41, 59
What are the prime factors of 424?
2, 53
List the prime factors of 31247.
31247
List the prime factors of 1615.
5, 17, 19
What are the prime factors of 1738?
2, 11, 79
What are the prime factors of 3319?
3319
What are the prime factors of 44529?
3, 14843
What are the prime factors of 100991?
11, 9181
What are the prime factors of 24144?
2, 3, 503
List the prime factors of 9236.
2, 2309
What are the prime factors of 86605?
5, 17321
List the prime factors of 1700.
2, 5, 17
What are the prime factors of 10006?
2, 5003
List the prime factors of 630.
2, 3, 5, 7
What are the prime factors of 1872?
2, 3, 13
List the prime factors of 2808.
2, 3, 13
List the prime factors of 4272.
2, 3, 89
What are the prime factors of 6913?
31, 223
What are the prime factors of 138?
2, 3, 23
What are the prime factors of 9208?
2, 1151
List the prime factors of 1071.
3, 7, 17
What are the prime factors of 21291?
3, 47, 151
List the prime factors of 1164.
2, 3, 97
List the prime factors of 3340.
2, 5, 167
List the prime factors of 31847.
31847
List the prime factors of 6619.
6619
List the prime factors of 4315.
5, 863
List the prime factors of 39053.
7, 797
What are the prime factors of 11744?
2, 367
List the prime factors of 2757.
3, 919
What are the prime factors of 1120?
2, 5, 7
What are the prime factors of 245?
5, 7
What are the prime factors of 862?
2, 431
List the prime factors of 3282.
2, 3, 547
List the prime factors of 2142.
2, 3, 7, 17
What are the prime factors of 38847?
3, 23, 563
What are the prime factors of 8345?
5, 1669
What are the prime factors of 104857?
23, 47, 97
What are the prime factors of 12872?
2, 1609
What are the prime factors of 22358?
2, 7, 1597
List the prime factors of 3167.
3167
What are the prime factors of 61819?
61819
List the prime factors of 1205.
5, 241
List the prime factors of 2516.
2, 17, 37
List the prime factors of 2025.
3, 5
List the prime factors of 5942.
2, 2971
List the prime factors of 27175.
5, 1087
List the prime factors of 42410.
2, 5, 4241
What are the prime factors of 79218?
2, 3, 163
What are the prime factors of 60544?
2, 11, 43
List the prime factors of 6173.
6173
List the prime factors of 127.
127
What are the prime factors of 81443?
23, 3541
List the prime factors of 554.
2, 277
What are the prime factors of 13689?
3, 13
What are the prime factors of 22498?
2, 7, 1607
List the prime factors of 4790.
2, 5, 479
List the prime factors of 1281.
3, 7, 61
What are the prime factors of 22399?
13, 1723
What are the prime factors of 39306?
2, 3, 6551
List the prime factors of 5308.
2, 1327
What are the prime factors of 36143?
47, 769
What are the prime factors of 7899?
3, 2633
What are the prime factors of 69536?
2, 41, 53
What are the prime factors of 1982?
2, 991
What are the prime factors of 22984?
2, 13, 17
What are the prime factors of 62185?
5, 12437
What are the prime factors of 13417?
13417
What are the prime factors of 2302?
2, 1151
List the prime factors of 1978.
2, 23, 43
What are the prime factors of 5332?
2, 31, 43
What are the prime factors of 15515?
5, 29, 107
What are the prime factors of 7769?
17, 457
What are the prime factors of 4530?
2, 3, 5, 151
List the prime factors of 81497.
13, 6269
What are the prime factors of 13811?
7, 1973
List the prime factors of 7284.
2, 3, 607
List the prime factors of 2052.
2, 3, 19
What are the prime factors of 14426?
2, 7213
What are the prime factors of 6216?
2, 3, 7, 37
List the prime factors of 3435.
3, 5, 229
List the prime factors of 1465.
5, 293
What are the prime factors of 6335?
5, 7, 181
List the prime factors of 1067.
11, 97
What are the prime factors of 1496?
2, 11, 17
What are the prime factors of 2978?
2, 1489
List the prime factors of 26462.
2, 101, 131
List the prime factors of 12854.
2, 6427
What are the prime factors of 12556?
2, 43, 73
List the prime factors of 1265.
5, 11, 23
What are the prime factors of 234?
2, 3, 13
List the prime factors of 5124.
2, 3, 7, 61
What are the prime factors of 18866?
2, 9433
What are the prime factors of 62524?
2, 7, 11, 29
What are the prime factors of 23953?
17, 1409
What are the prime factors of 50?
2, 5
What are the prime factors of 82303?
13, 487
What are the prime factors of 39342?
2, 3, 79, 83
What are the prime factors of 3999?
3, 31, 43
List the prime factors of 5328.
2, 3, 37
List the prime factors of 15557.
47, 331
What are the prime factors of 49976?
2, 6247
What are the prime factors of 66834?
2, 3, 47, 79
List the prime factors of 1146.
2, 3, 191
What are the prime factors of 2227?
17, 131
List the prime factors of 11343.
3, 19, 199
List the prime factors of 20321.
7, 2903
List the prime factors of 277.
277
List the prime factors of 12461.
17, 733
What are the prime factors of 9693?
3, 359
What are the prime factors of 5793?
3, 1931
What are the prime factors of 142?
2, 71
List the prime factors of 5230.
2, 5, 523
What are the prime factors of 1790?
2, 5, 179
What are the prime factors of 20235?
3, 5, 19, 71
List the prime factors of 60986.
2, 304